e 4) in base 2?
-111101
48 (base 16) to base 10
72
What is -127 (base 14) in base 11?
-1a0
What is 300 (base 12) in base 10?
432
What is 3 (base 5) in base 10?
3
What is -340 (base 6) in base 3?
-11220
What is -10 (base 11) in base 9?
-12
168 (base 16) to base 4
11220
1022 (base 3) to base 15
25
Convert 211 (base 5) to base 8.
70
What is 3 (base 10) in base 9?
3
Convert 5 (base 11) to base 3.
12
-12 (base 13) to base 10
-15
What is -423 (base 5) in base 4?
-1301
Convert 12 (base 10) to base 13.
c
What is 1010101 (base 2) in base 10?
85
Convert 3 (base 9) to base 7.
3
Convert -143 (base 5) to base 12.
-40
-91 (base 14) to base 7
-241
Convert -10 (base 13) to base 4.
-31
Convert -10000011 (base 2) to base 6.
-335
Convert -10 (base 5) to base 6.
-5
What is -3 (base 11) in base 9?
-3
What is -11 (base 9) in base 4?
-22
23 (base 8) to base 12
17
Convert -35 (base 7) to base 14.
-1c
What is 18 (base 16) in base 13?
1b
Convert 142 (base 7) to base 6.
211
31 (base 16) to base 5
144
Convert -1041 (base 6) to base 9.
-287
What is 1 (base 10) in base 11?
1
6 (base 15) to base 9
6
-9 (base 16) to base 9
-10
Convert -126 (base 9) to base 16.
-69
What is 2 (base 11) in base 15?
2
-101 (base 4) to base 12
-15
Convert -29 (base 16) to base 13.
-32
28 (base 14) to base 15
26
What is -18 (base 11) in base 5?
-34
Convert 59 (base 10) to base 15.
3e
Convert -447 (base 8) to base 7.
-601
Convert -24 (base 7) to base 8.
-22
What is 213 (base 6) in base 2?
1010001
What is -11100 (base 2) in base 4?
-130
What is -a (base 15) in base 10?
-10
What is -100000 (base 2) in base 15?
-22
What is 28 (base 9) in base 7?
35
5 (base 8) to base 2
101
-4 (base 6) to base 13
-4
21120 (base 3) to base 7
411
18 (base 9) to base 4
101
11 (base 4) to base 14
5
What is -355 (base 7) in base 6?
-511
0 (base 14) to base 6
0
Convert 1000 (base 4) to base 5.
224
Convert 5 (base 11) to base 9.
5
What is -3 (base 11) in base 6?
-3
Convert -1 (base 11) to base 6.
-1
Convert 0 (base 8) to base 11.
0
Convert -120 (base 4) to base 14.
-1a
7 (base 14) to base 16
7
Convert -2 (base 14) to base 5.
-2
Convert -33 (base 4) to base 3.
-120
What is -3 (base 14) in base 12?
-3
-3 (base 7) to base 13
-3
Convert 102 (base 3) to base 15.
b
23 (base 13) to base 16
1d
What is 310 (base 4) in base 6?
124
19 (base 11) to base 15
15
What is -3 (base 6) in base 7?
-3
What is -11001 (base 2) in base 15?
-1a
6 (base 8) to base 2
110
Convert -10 (base 11) to base 8.
-13
-9 (base 12) to base 6
-13
100 (base 2) to base 11
4
Convert -2 (base 7) to base 8.
-2
374 (base 8) to base 16
fc
What is 1 (base 10) in base 14?
1
What is -1 (base 15) in base 16?
-1
Convert 40 (base 5) to base 13.
17
-101 (base 3) to base 5
-20
What is 5 (base 9) in base 8?
5
What is 7 (base 9) in base 15?
7
What is -113 (base 5) in base 3?
-1020
What is -10111 (base 2) in base 11?
-21
Convert 1 (base 9) to base 3.
1
Convert 9 (base 14) to base 7.
12
What is 9 (base 16) in base 15?
9
Convert -1221 (base 4) to base 11.
-96
What is 3 (base 4) in base 3?
10
What is -10 (base 2) in base 9?
-2
Convert 2120 (base 3) to base 9.
76
1 (base 8) to base 12
1
132 (base 6) to base 11
51
What is -40 (base 6) in base 7?
-33
Convert -10 (base 5) to base 9.
-5
Convert -8 (base 12) to base 7.
-11
-66 (base 7) to base 14
-36
Convert 3 (base 15) to base 9.
3
-4 (base 6) to base 15
-4
0 (base 9) to base 11
0
What is d (base 16) in base 5?
23
What is -14 (base 7) in base 8?
-13
0 (base 9) to base 3
0
Convert 11 (base 5) to base 14.
6
What is 3 (base 4) in base 10?
3
What is 3 (base 8) in base 4?
3
Convert 15 (base 7) to base 2.
1100
Convert -1110 (base 2) to base 11.
-13
Convert -4 (base 6) to base 5.
-4
What is 2 (base 15) in base 10?
2
1 (base 13) to base 3
1
1 (base 5) to base 12
1
Convert -c (base 14) to base 16.
-c
-2 (base 5) to base 16
-2
Convert -2 (base 15) to base 8.
-2
6 (base 7) to base 2
110
What is 23 (base 11) in base 14?
1b
Convert 13 (base 16) to base 6.
31
What is 3 (base 4) in base 14?
3
10 (base 7) to base 5
12
0 (base 8) to base 15
0
What is 11 (base 12) in base 13?
10
What is 43 (base 11) in base 2?
101111
Convert -6 (base 8) to base 7.
-6
What is -20 (base 3) in base 16?
-6
Convert 101010 (base 2) to base 15.
2c
-10 (base 7) to base 8
-7
-8 (base 11) to base 8
-10
What is -2 (base 5) in base 3?
-2
What is -10 (base 14) in base 3?
-112
45 (base 14) to base 16
3d
What is 1000011 (base 2) in base 13?
52
What is 1 (base 15) in base 10?
1
11 (base 5) to base 9
6
Convert 0 (base 15) to base 13.
0
7 (base 15) to base 2
111
Convert -21 (base 5) to base 13.
-b
-6 (base 15) to base 3
-20
Convert -16 (base 8) to base 11.
-13
What is 7 (base 13) in base 2?
111
What is -83 (base 13) in base 5?
-412
What is 36 (base 13) in base 7?
63
Convert -135 (base 7) to base 16.
-4b
Convert 4 (base 9) to base 16.
4
-2 (base 8) to base 13
-2
Convert -527 (base 8) to base 4.
-11113
Convert 9 (base 13) to base 8.
11
What is 1 (base 16) in base 14?
1
Convert 5 (base 8) to base 13.
5
2331 (base 4) to base 2
10111101
-74 (base 9) to base 15
-47
Convert 4 (base 15) to base 16.
4
-1 (base 10) to base 3
-1
What is -1 (base 3) in base 2?
-1
Convert 12 (base 8) to base 7.
13
What is 1 (base 3) in base 5?
1
What is -b (base 14) in base 7?
-14
What is -24 (base 6) in base 11?
-15
What is 1 (base 4) in base 6?
1
Convert 1430 (base 5) to base 13.
156
12 (base 3) to base 8
5
0 (base 4) to base 7
0
What is 62 (base 12) in base 5?
244
Convert 6 (base 14) to base 3.
20
Convert -1 (base 8) to base 6.
-1
-21 (base 3) to base 12
-7
a (base 11) to base 4
22
What is 17 (base 9) in base 8?
20
What is 1222 (base 3) in base 5?
203
Convert -44 (base 14) to base 4.
-330
9b (base 13) to base 14
92
Convert 2 (base 15) to base 9.
2
What is 4 (base 14) in base 16?
4
Convert -3 (base 15) to base 9.
-3
11 (base 2) to base 10
3
What is b7 (base 13) in base 10?
150
What is 4 (base 6) in base 13?
4
Convert -a0 (base 16) to base 4.
-2200
101 (base 2) to base 12
5
Convert 11 (base 11) to base 4.
30
Convert 6 (base 14) to base 12.
6
What is -b (base 12) in base 13?
-b
Convert 27 (base 9) to base 2.
11001
171 (base 8) to base 10
121
What is 233 (base 4) in base 14?
35
What is -10 (base 4) in base 13?
-4
What is -a0 (base 16) in base 12?
-114
135 (base 12) to base 11
159
What is 10 (base 4) in base 9?
4
What is 13 (base 8) in base 15?
b
Convert 201 (base 4) to base 7.
45
-4 (base 13) to base 5
-4
0 (base 13) to base 4
0
What is -7 (base 8) in base 3?
-21
-12 (base 11) to base 3
-111
Convert -1 (base 5) to base 13.
-1
Convert -77 (base 11) to base 3.
-10010
What is -8 (base 16) in base 7?
-11
What is -51 (base 10) in base 12?
-43
Convert -1 (base 7) to base 12.
-1
Convert 6 (base 14) to base 7.
6
13 (base 4) to base 12
7
-3 (base 16) to base 15
-3
Convert 121 (base 8) to base 15.
56
What is 423 (base 5) in base 9?
135
What is -5 (base 11) in base 9?
-5
Convert -1100 (base 2) to base 10.
-12
-1 (base 15) to base 12
-1
16 (base 14) to base 7
26
What is -252 (base 7) in base 16?
-87
11 (base 4) to base 5
10
What is 8 (base 13) in base 6?
12
What is a (base 15) in base 6?
14
Convert 1 (base 12) to base 11.
1
Convert -3 (base 5) to base 16.
-3
-3 (base 9) to base 8
-3
Convert -211 (base 4) to base 12.
-31
-8 (base 14) to base 4
-20
-5 (base 10) to base 4
-11
What is -1001111 (base 2) in base 11?
-72
Convert 101 (base 2) to base 5.
10
What is 21 (base 8) in base 15?
12
What is 0 (base 15) in base 8?
0
Convert -a (base 13) to base 5.
-20
What is -1 (base 4) in base 10?
-1
5 (base 10) to base 8
5
Convert -111 (base 3) to base 9.
-14
What is -32 (base 6) in base 9?
-22
What is a (base 11) in base 3?
101
-5 (base 6) to base 9
-5
-2 (base 4) to base 3
-2
What is 2 (base 14) in base 10?
2
What is -14 (base 8) in base 14?
-c
Convert -13 (base 4) to base 16.
-7
Convert -5 (base 12) to base 6.
-5
What is 1111 (base 4) in base 2?
1010101
Convert 133 (base 13) to base 4.
3103
Convert 2 (base 14) to base 9.
2
What is 2 (base 9) in base 5?
2
Convert -29 (base 15) to base 9.
-43
What is -47 (base 11) in base 8?
-63
33 (base 5) to base 16
12
Convert 21 (base 13) to base 11.
25
-3 (base 7) to base 3
-10
Convert 55 (base 7) to base 9.
44
-92 (base 13) to base 7
-230
Convert -13 (base 6) to base 8.
-11
Convert 1 (base 2) to base 14.
